 + -8). What is the highest common factor of f and 3570?
30
Let g = -921 - -288. Let f = g + 672. Calculate the greatest common divisor of 91 and f.
13
Suppose -136*i + 12500 = -36*i. What is the highest common factor of 45 and i?
5
Let f = 23 - -77. Suppose 107 + 113 = 7*z + 45. Calculate the highest common factor of z and f.
25
Suppose 2*u + 5*x = 754, -117 = -3*u + 5*x + 1014. Calculate the highest common factor of u and 65.
13
Suppose -2 = -d + 6. Let g = -1273 - -1361. What is the greatest common factor of d and g?
8
Suppose -5*b - 3*y = -16, b - 5*b + 16 = 4*y. Let f(z) = -z**3 - 22*z**2 + 12*z + 704. Let n be f(-21). What is the greatest common factor of n and b?
1
Let i(r) = r**2 - 14*r - 7. Let c be i(15). Suppose 57 = 3*j - 5*l + 9, -5*j + 5*l + 80 = 0. Calculate the highest common divisor of j and c.
8
Let v(r) = -3*r**3 + 173*r**2 + 245*r - 56. Let f be v(59). Calculate the highest common divisor of f and 100.
25
Let l = 6661 + -4853. Calculate the highest common factor of 88 and l.
8
Let d(q) = q**3 + 15*q**2 + 2*q + 30. Let x be d(-15). Suppose -36*k + 34*k + 280 = x. Calculate the highest common divisor of k and 56.
28
Let o(x) = x**2 - 16*x + 57. Let f be o(6). Let p be (44/(-3))/(4/f). Calculate the highest common factor of 176 and p.
11
Let n(l) = l. Suppose 0 = 6*s + 28 + 2. Let m(z) = 117*z - 2. Let w(b) = s*n(b) - m(b). Let y be w(-1). What is the greatest common divisor of 31 and y?
31
Let b(s) = -4*s**3 + 31 - 6*s + 14*s**2 + 3*s**3 - 8*s. Suppose 105*t = 101*t + 52. Let v be b(t). Calculate the greatest common divisor of 162 and v.
18
Let z(k) = -130*k - 5. Suppose -7 + 11 = -2*g. Let v be z(g). Let p = v - 111. Calculate the greatest common divisor of p and 96.
48
Suppose 1114*f - 4*p + 1435 = 1119*f, -2*f = 3*p - 574. Suppose 6*s - 9*s = -369. What is the greatest common factor of s and f?
41
Let r(h) = -2 + 1 + 23*h + 9*h. Let i be r(2). Let q(b) = b**2 - 77*b + 679. Let m be q(67). Calculate the greatest common divisor of i and m.
9
Suppose -4*t + 32*t + 9*t = 43512. What is the highest common divisor of t and 9?
3
Let w be -86*(-1 - (-8)/16). Suppose 3755 = -w*c + 20783. What is the highest common divisor of c and 36?
36
Let z(s) = -5*s**2 - 16 + 3 + 21*s - 68*s. Let u be z(-7). Calculate the greatest common factor of u and 781.
71
Let h(l) = -l**3 - 10*l**2 + 7. Let j(z) = z - 3. Let y be j(-7). Let t be h(y). Let c be 184/6 + 5 - 12/18. What is the greatest common factor of t and c?
7
Suppose -10*d - 16*d = 153*d - 1432. Calculate the highest common divisor of d and 108.
4
Let v(o) = -340*o + 1148. Let p be v(3). What is the highest common factor of 2272 and p?
32
Let a = 84 - 79. Suppose -2*m + m + 90 = -a*w, m - 4*w = 90. What is the highest common divisor of 60 and m?
30
Let o = 136 - 124. Suppose 9*j = 4*m + o*j - 716, -2*m + 3*j = -376. Calculate the highest common divisor of 14 and m.
14
Suppose 22*d + 31 = 23*d. Suppose 2*u + d = 53. Let l be ((-9)/(-1))/((-3)/(-33)). What is the highest common divisor of u and l?
11
Suppose 31*r = 345 - 66. Suppose -3*x + 5*j = -14, 3*x + 5*j = -5 + r. What is the greatest common factor of x and 33?
3
Suppose 0 = 3*v + 4*f - 784, 27*f + 772 = 3*v + 28*f. Let a(c) = 2*c**2 - 3*c - 1. Let x be a(3). What is the highest common factor of v and x?
8
Suppose 12097 - 208515 = 13*b - 122*b. What is the highest common factor of b and 34?
34
Let b(x) = -100 - 21*x - 104 + 255 + x**2. Let h be b(19). What is the greatest common factor of h and 208?
13
Suppose -6*h = -11*h - 13*h + 4302. What is the highest common factor of h and 3824?
239
Suppose -19*i + 7105 + 15913 + 17756 = 0. Calculate the greatest common divisor of 111 and i.
37
Let i be (-1)/8 - (-10036)/416. Let t be (9/(-12))/((-3)/12). What is the highest common divisor of i and t?
3
Let p = 29 + -18. Let t = -89 + 83. Let r(g) = -27*g - 74. Let a be r(t). Calculate the greatest common divisor of a and p.
11
Let c(q) = 9*q**2 - 8*q + 4. Let i be c(5). Let v be (-9702)/(-504) + (-7)/(-4). Calculate the highest common factor of i and v.
21
Suppose 0 = 4*f + 4*a - 5 + 1, 0 = -4*a - 4. Suppose -f*i = -3*s - 840, 11*i + s = 7*i + 1680. Calculate the highest common divisor of 15 and i.
15
Suppose 409*u - 384*u = 3075. What is the greatest common factor of 7872 and u?
123
Let p(o) = -o**2 + 6*o + 7. Let b be p(5). Let x = -11 + b. Suppose -c - 4*z - x = 0, 4*c - 5*z = -3*z + 50. What is the greatest common divisor of 1 and c?
1
Suppose 165 = 140*m - 535. Let b = 1307 + -794. Suppose -m*z - 2*t + 82 + 792 = 0, -b = -3*z - 5*t. Calculate the greatest common factor of 22 and z.
22
Let r(b) = -24*b - 53. Let p be r(-5). Suppose -p*w + 405 = -62*w. Calculate the greatest common divisor of 216 and w.
27
Let z(w) = 2*w**3 - 31*w**2 + 7*w - 76. Let x be z(16). Calculate the highest common divisor of 24 and x.
4
Let x = 2514 - -423. Calculate the greatest common divisor of 66 and x.
33
Suppose 11*t + 11360 = 4*k + 15*t, k - 2838 = t. Calculate the highest common divisor of k and 51.
17
Let k be (-12)/(-15) + (-3122)/(-35). Suppose v + k = 10*v. What is the highest common factor of v and 45?
5
Let u be (-3)/5 + 141705/9675 + 8/(-172). Calculate the greatest common divisor of u and 9079.
7
Let u be ((-276)/24 - -9)*(-13752)/20. Calculate the greatest common factor of u and 36.
9
Let y(j) = -8*j**3 + 246*j**2 + 57*j + 169. Let n be y(31). Calculate the highest common divisor of 5173 and n.
7
Suppose 4*d - 3 = 3*k, -k - d - 13 = k. Let v(u) = 10*u + 62. Let i be v(k). Calculate the greatest common divisor of i and 336.
12
Suppose l = 5*s + 4723, 5*s + 7 = 12. What is the highest common divisor of 48 and l?
24
Suppose 12*k = 19*k - 35. Let x(f) = 5*f**2 - 3*f + 5. Let j be x(k). Calculate the highest common divisor of j and 46.
23
Let u(j) = 190*j - 2265. Let b be u(12). Calculate the greatest common factor of b and 735.
15
Let q be -18*(-1)/24 - ((-205045)/20 - 3). What is the greatest common factor of q and 16?
16
Suppose 6890 = 175*t - 6410. What is the highest common factor of 551 and t?
19
Let f be (-10 - 56214/(-21)) + (-5)/(-35). Calculate the highest common divisor of 1016 and f.
127
Let a(x) = 10*x**2 - x - 21. Let f be a(-6). Suppose 761*m - 754*m = 105. What is the greatest common factor of m and f?
15
Let p = -664 - -550. Let g = p + 115. What is the greatest common factor of g and 32?
1
Let l = 15 - 11. Let s be 2/(l/(-2)) + 58. Let z = s - 49. What is the greatest common factor of z and 1?
1
Let j = 241 - 182. Suppose -j = -7*w + 1803. What is the highest common divisor of 14 and w?
14
Let f = 23 - 20. Suppose -f*b + 6 = -3*l, 4 = l + 3*l - b. Suppose 16 = l*q - 5*i - 5, -2*i + 2 = 0. Calculate the greatest common divisor of q and 156.
13
Let x = -9 - -64. Let f = x - 33. What is the highest common factor of f and 308?
22
Suppose 0 = -177*d + 169*d - 40. Let p be 227 + 1 + d + 3 + 6. What is the highest common factor of 16 and p?
8
Let c(s) = s**3 - 5*s**2 - 3*s - 11. Let b be c(6). Suppose -3*k + 372 = -2*l, b*k + 2*l - 384 = 4*k. Calculate the highest common divisor of 210 and k.
42
Suppose 0 = j - 2*j + 2, 5*z = -4*j + 58. Let m(n) = 17*n + 6. Let k be m(2). What is the greatest common divisor of z and k?
10
Suppose -4*k + 400 = 2*l, 4*k - 8 = -0. What is the greatest common divisor of 427 and l?
7
Suppose 35300 + 61420 = 30*s. Calculate the greatest common divisor of 832 and s.
104
Suppose 668*r - u + 330 = 671*r, -2*r - 3*u + 206 = 0. What is the highest common divisor of r and 413?
7
Let u be 40/(-140) + (-16)/(-7). Suppose -31659 = u*h - 1291. Let f be h/(-117) - (-1 - (-14)/18). Calculate the greatest common divisor of f and 52.
26
Let v = 1293 - 1251. Calculate the greatest common factor of v and 70.
14
Let u be ((-12448)/10)/((-26)/715). Let q be u/616 - 6/(-14). Calculate the highest common factor of 280 and q.
56
Let d be (1 - (-121)/44)*12. Calculate the greatest common divisor of 2235 and d.
15
Let s(b) = 27 + 0*b - b + 0*b. Let k(o) = 81*o + 1197. Let g be k(-15). Let c be s(g). Calculate the greatest common divisor of c and 75.
15
Let w = 52 + -26. Suppose 5*o + 6 - w = 0. Suppose -m = -2*m + 4*q + 185, 4*m = o*q + 680. Calculate the greatest common factor of 15 and m.
15
Let m(t) = -30 + 3 + 22*t - 20 + 5 - t